5*v**2 + v - 6. Let x(b) = -2*g(b) + 3*j(b). Calculate x(k).
-6
Let c be (-2)/((-483)/(-162) + -3). Let m be c/15 - (-4)/(-20). Let x(j) = -8*j**3 + 4*j**2 + 4 - m + 2 + j + 7*j**3. Determine x(3).
11
Let g = -333 - -338. Let p(c) = c**3 - 4*c**2 - 6*c - 5. Determine p(g).
-10
Let t be (-9)/(-6)*2*(-6)/(-9). Let k(x) = 2 + 5*x + 0*x**2 - x**2 + 0*x**t + x**3 - 5*x**2. Determine k(4).
-10
Suppose 0 = -3*c + 8 - 2. Let k = 2 + c. Let s(n) be the first derivative of n**4/4 - 5*n**3/3 + 3*n**2/2 + 2*n - 61. Determine s(k).
-2
Let v(p) = p**3 + 7*p**2 + 5*p - 3. Let o be v(-6). Suppose 2 = 5*j + z - 9, 4*j + o*z = 0. Let l(h) = h**2 - 6*h + 4. Calculate l(j).
-5
Suppose -560*n + 564*n + 40 = 0. Let u(c) = -4*c - 29. Give u(n).
11
Let u(x) = -x - 10. Let c = 569 + -561. What is u(c)?
-18
Let q = 4 + 1. Let s(j) = -j**3 + 5*j**2 - 7. Let m be s(q). Let h(i) = i**2 + 6*i - 2. Determine h(m).
5
Suppose 23*p = 25*p - 2. Let f(o) = 5*o**3 + o**2 - 1. Calculate f(p).
5
Let a be (13/39)/((-1)/(-117)). Let w(p) = -39 + a - 5*p. Determine w(-1).
5
Let u(o) = -7*o**2 + 32*o - 14. Let p(b) = 3*b**2 - 14*b + 7. Let n(m) = -9*p(m) - 4*u(m). Calculate n(-6).
41
Let h(y) = 4*y + 2. Let o(g) = g. Let k(v) = -h(v) + o(v). Let z(l) = -8*l - 6. Let f(n) = 14*k(n) - 5*z(n). Give f(-6).
14
Let v(z) = 16*z**3. Let j be (-8)/2 + (10 - 31). Let q = j - -32. Let f(i) = -i + 8. Let p be f(q). Calculate v(p).
16
Let o = 70 - 54. Let s(l) = o*l**3 + 35*l - 20*l - 14*l - 2*l**2. Give s(1).
15
Let a be 27/(-15)*20/(-6). Let q be 3/a + 21/(-6). Let j(f) = 8*f - 7*f + 5 - 1. Determine j(q).
1
Suppose 0*z + 12 = 3*z. Suppose 0 = -x - z, -3*x = -v + 2*x + 17. Let d(l) = l**3 + 2*l**2 - 2*l - 1. Determine d(v).
-4
Let f(z) = z**3 + 5*z**2 + 3*z - 4. Suppose -3 = -5*d + 17. Suppose 0 = -4*y + r + d*r + 34, 3*y - 16 = -r. Let h = 1 - y. Give f(h).
-19
Let r(a) = -a**3 - a**2 + 2. Suppose 8*n - 18 = -x + 3*n, -n + 8 = -2*x. What is r(x)?
6
Let i(z) = z - 1. Let y(v) = 2*v + 7. Suppose 0 = -5*b - 13 - 17. Let r be y(b). Calculate i(r).
-6
Suppose -3*i + 15 + 6 = 0. Let l(t) = 18*t**3 - 4*t + 2. Let h(r) = 9*r**3 - 2*r + 1. Let s(d) = i*h(d) - 4*l(d). Determine s(1).
-8
Let q be 6 + (-4 - -5 - 4). Let s(t) = -q*t + 5 - 12 + 4. Determine s(-2).
3
Let c(b) be the second derivative of 1/2*b**2 - 1/12*b**4 - b - 1/6*b**3 + 17/20*b**5 + 0. What is c(1)?
16
Let c be (5/(-3) + 3)*-12. Let j = -2 - c. Suppose -5*y + j = -h + 4*h, 5*y + 5*h = 20. Let m(g) = 2*g**3 - 2*g**2 + g. Determine m(y).
1
Suppose 0 = u + 5*u - 12. Let d(p) = -p**u + 61 + 53 - p - 115. Calculate d(-1).
-1
Let j = 39 + -29. Let h(a) = a**3 - 10*a**2 - 2*a + 15. Let x be h(j). Let t(c) = -c**2 - 5*c + 4. What is t(x)?
4
Let d(b) = -24*b**2 - b + 4. Let g be d(-2). Let f = 87 + g. Let s(t) = -2 + 4*t + 0 - 6*t. Calculate s(f).
4
Let w(f) = 5*f - 1. Let o(h) = h**2 + 3*h + 14. Let z(m) = -o(m) - w(m). Give z(-6).
-1
Let b = 4 + -2. Let f(i) = i + 9 - 6 - 9 + i**b. Determine f(0).
-6
Let v(b) = -11*b - 3. Let c(q) = 2*q - 2. Let o(x) = 5*c(x) + v(x). Let j be -9 + (-3)/1 - -4. Calculate o(j).
-5
Let t(q) = -q**3 - 12*q**2 - 10*q - 3. Let m be t(-11). Let n(k) = k**3 + 16*k**2 + 29*k + 18. Calculate n(m).
4
Let i be 0 + 5 - (-1 - -3). Let m(w) = -w**2 - 2*w + 1. Let g(t) = 4*t**2 + 15*t - 4. Let d(y) = g(y) + 6*m(y). What is d(i)?
-7
Suppose -20*x = -16*x + r + 51, -3 = 2*x + 5*r. Let y(b) = 3*b + 36. Calculate y(x).
-6
Let a(b) be the second derivative of 0 + 0*b**2 + 1/6*b**3 + 8*b - 1/6*b**4 - 1/20*b**5. What is a(-3)?
6
Let a be (-1 - (-4 + 3))/1. Let d(n) = -4*n**3 - n**2 + 6*n + 8. Let m(w) = w**3 - w - 1. Let r(q) = d(q) + 5*m(q). What is r(a)?
3
Suppose -g = -4*g + 3*c - 6, -3*g - 2*c + 14 = 0. Suppose 0 = 16*p - 17*p + g. Let y(q) = q - 2 + 8 - p + 1. Determine y(0).
5
Let b(f) = -f**2 - 7*f - 7. Let m be 7/((-112)/(-12))*24. Suppose 90 = 3*g - m*g. Give b(g).
-1
Let v(u) = u + 450*u**3 + 3 - 6*u - 451*u**3 - 2*u + 9*u**2. Let s be (-31)/(-4) + (-5)/(-20). Calculate v(s).
11
Let h(w) = w**3 + 7*w**2 + 5*w - 5. Suppose -2*s = -5 + 1. Let d be 4/(-10)*s*-5. Suppose d*r = r - 18. Calculate h(r).
1
Let m(u) = -u**2 + 6*u - 9. Let s(v) = 7*v + 13. Let h be s(-6). Let a = h + 35. Calculate m(a).
-9
Suppose -7 = 3*j - 1. Let k(g) = g + 1. Let i(b) = 3*b**3 + 3*b**2 + 7*b + 8. Let p(t) = i(t) - 6*k(t). Give p(j).
-12
Suppose 0 = 4*i - 6*i + 2. Let v(l) = -25*l**2 + l + 2. Let a(b) = -12*b**2 + 1. Let m(z) = 5*a(z) - 2*v(z). What is m(i)?
-11
Let v(y) be the second derivative of -y**4/12 - 7*y**3/6 - 3*y**2/2 + 2*y - 26. Give v(-7).
-3
Let l(m) be the second derivative of -m**5/20 + 5*m**4/12 - 2*m**3/3 + 5*m**2/2 - 48*m. What is l(4)?
5
Suppose -s + 0*s + 136 = 0. Let l(h) = h**3 + s - h + 2*h - 136 + 4*h**2. Give l(-4).
-4
Suppose -7*x = x + 648. Let k = x - -73. Let z(v) = v + 3. Give z(k).
-5
Let r(u) be the third derivative of u**4/24 - u**3/3 - 2*u**2. Suppose -5*g + 4*g = -18. Let t = g - 14. Give r(t).
2
Let d(f) = -9*f + 8. Let a(y) = y - 1. Let r(c) = -5*a(c) - d(c). Let x(g) = g**3 - 4*g**2 + 12*g - 25. Let w be x(3). Give r(w).
5
Suppose v = 4*z - 4, 2*z - 9 = -z. Let w(y) = -y**3 + 7*y**2 + 5*y - 8. Determine w(v).
-32
Let o(w) = w**2 + 6*w**2 + 180 + w**2 - 4*w - 178. Calculate o(2).
26
Let f(g) = 2*g**2 - g + 1. Let i = -1268 + 1272. Give f(i).
29
Let a(h) = 78*h + 249. Let x(c) = -21*c - 63. Let r(z) = 4*a(z) + 15*x(z). Give r(21).
-12
Let y(n) = n + 5. Suppose -w + 10 = 4*w. Suppose 2*h - 2 = -i - 0*i, -2 = w*h. Suppose 0 = q - v - v + 10, -v - 22 = i*q. Calculate y(q).
-1
Suppose 5*b + 25 = -5*r, 2*r - 2*b = 5*r + 13. Let y(s) = -s**2 + 2. Determine y(r).
-7
Suppose 6*k + 6 + 24 = 0. Let z = k + 8. Suppose 2*y = y - z. Let w(d) = -4*d + 2. Calculate w(y).
14
Let c(p) = -p - 4. Let s = -5 - 1. Let q be c(s). Suppose 0 = -u + 4*g - 2, u - 5*g = -2 - q. Let k(r) = -r**2 + 7*r - 9. Give k(u).
-3
Let s(j) = -j**2 + 8*j - 7. Suppose -5*v + c + 766 = 0, -3*c = 4*v - 6*v + 296. Let h = v - 149. What is s(h)?
8
Let t(a) be the first derivative of a**4/4 - a**3/3 - 5*a**2/2 + 3*a - 150. Give t(3).
6
Let m(c) = c**2 + 2*c - 5. Let w be m(-4). Let p(b) = -3 + 6 + 2*b**w + b - 4*b**2 - b**3. Let h be (-5 - 3/9)*(-3)/4. Calculate p(h).
7
Let r(g) = 6*g - 11 + g - 5*g. What is r(9)?
7
Let z(s) = s**2 + 17*s + 3. Let b be z(-17). Let w(f) = 2 + 6*f - 1 + b*f - f. Determine w(1).
9
Let u(j) = -32*j + 7 + 7 + 1. Let t(h) = -16*h + 7. Let m be -5 - (-2 - (3 + -2)*-3). Let n(b) = m*u(b) + 13*t(b). Calculate n(-1).
17
Suppose -2*x - 15 = -7*x. Suppose r = x*o - 23, 0 = -0*o - o - 4*r - 14. Let m be o*(-2 + 1)*1. Let p(y) = y**3 + 7*y**2 + 8*y + 6. Determine p(m).
-6
Suppose -5*n + 100*o = 95*o, 4*n - 3*o = 0. Let r(k) = -k**2 - 6. What is r(n)?
-6
Let q(a) = -a**2 - 2. Let s(d) = 3*d**2 + 11*d + 29. Let f(o) = 4*q(o) + s(o). Determine f(14).
-21
Suppose 0*r + 5*r = 3*m - 16, -r = 5*m - 8. Let v(t) = -2*t + t**m + 2 - 6*t**3 + 3 - 2 - 2. Suppose 0 = 3*s - 3. Give v(s).
-6
Let v(d) = d**3 - d - 1. Let s(z) = -4*z**3 - 4*z**2 + 4*z + 9. Let y(n) = -s(n) - 5*v(n). Let i be y(4). Let o(g) = -g**3 + g**2 - 7. What is o(i)?
-7
Suppose 4*f = -5 - 19. Let q = -8 + 14. Let m(s) = s**3 + 3 - s**2 - q*s + 6*s**2 + 0. Calculate m(f).
3
Let f = 1841 - 1829. Let k(q) = -q + 10. Calculate k(f).
-2
Let z = -1058 + 1066. Let b(f) = -7*f + 10. Determine b(z).
-46
Let o(f) be the second derivative of f**4/12 - 5*f**3/2 - 11*f**2/2 + 166*f. Determine o(16).
5
Let s(f) = -f**3 - 6*f**2 + 4*f + 4. Let c = -792 + 785. Determine s(c).
25
Let k(i) = -i - 10. Suppose -3*z + 4 = u - 13, -5*u = 4*z - 19. Determine k(z).
-16
Suppose -a + 4 = 11*h - 16*h, 0 = -4*a - 5*h + 116. Let j(u) = -u**2 + 22*u + 45. Give j(a).
-3
Let j(o) = 3 - 1 + o + 0*o + 0. Let w(l) = l**2 - 1. Let f be w(-2). Let t be j(f). Let h(q) = -q**3 + 5*q**2 - 1. What is h(t)?
-1
Let j(h) = 4*h - 8*h + 2 - 1. Let i be j(1). Let g(u) = u**2 + 2*u + 1. What is g(i)?
4
Let a(h) = 52*h - 107*h - 6 + 59*h. Let t(l) = l**3 + 7*l**2 + 4*l - 4. Let n be t(-4). Suppose u = -y + 5 + 3, 3*y - n = -4*u. Determine a(u).
10
Let k be 3 - 2 - -11*2. Suppose -2*m = -5*v + k, 4*v - m - 2*m - 24 = 0. Suppose -v*z + 0 = 6. Let w(c) = -c. Calculate w(z).
2
Suppose 132 = 15*x - 37*x. Let n(v) = 3*v + 4. Give n(